{"id":23994,"date":"2018-11-15T14:01:18","date_gmt":"2018-11-15T14:01:18","guid":{"rendered":"https:\/\/codex-themes.com\/thegem\/business-multipurpose\/?page_id=23994"},"modified":"2020-06-30T18:58:35","modified_gmt":"2020-06-30T18:58:35","slug":"quienes-somos-2","status":"publish","type":"page","link":"https:\/\/www.accessparking.com.mx\/?page_id=23994","title":{"rendered":"\u00bfQui\u00e9nes Somos?"},"content":{"rendered":"<div class=\"wpb-content-wrapper\"><p>[vc_row full_width=&#8221;stretch_row&#8221; css=&#8221;.vc_custom_1542285465663{background-color: #ffffff !important;}&#8221;][vc_column css_animation=&#8221;bottom-to-top&#8221;][vc_row_inner][vc_column_inner offset=&#8221;vc_hidden-sm vc_hidden-xs&#8221;]<div class=\"clearboth\"><\/div><style>#thegem-divider-69e0321b27fe5 {margin-top: 80px !important;}<\/style><div id=\"thegem-divider-69e0321b27fe5\" class=\"gem-divider  \" style=\"\" ><\/div>[\/vc_column_inner][\/vc_row_inner][vc_column_text]<\/p>\n<h2 style=\"text-align: center;\">access parking<\/h2>\n<p>[\/vc_column_text][vc_column_text]<\/p>\n<h4 style=\"text-align: center;\"><span class=\"light\">soluciones en control de acceso y seguridad ELECTR\u00d3NICA.<\/span><\/h4>\n<p>[\/vc_column_text][vc_row_inner][vc_column_inner offset=&#8221;vc_hidden-xs&#8221;]<div class=\"clearboth\"><\/div><style>#thegem-divider-69e0321b28021 {margin-top: 80px !important;}<\/style><div id=\"thegem-divider-69e0321b28021\" class=\"gem-divider  \" style=\"\" ><\/div>[\/vc_column_inner][\/vc_row_inner][\/vc_column][\/vc_row][vc_row full_width=&#8221;stretch_row_content_no_spaces&#8221; equal_height=&#8221;yes&#8221; content_placement=&#8221;middle&#8221; css=&#8221;.vc_custom_1542290658823{margin-bottom: 0px !important;padding-bottom: 0px !important;}&#8221;][vc_column width=&#8221;1\/2&#8243; disable_custom_paddings_tablet=&#8221;true&#8221; disable_custom_paddings_mobile=&#8221;true&#8221; css=&#8221;.vc_custom_1542290229812{padding-right: 110px !important;padding-left: 110px !important;}&#8221;][vc_row_inner][vc_column_inner offset=&#8221;vc_hidden-xs&#8221;]<div class=\"clearboth\"><\/div><style>#thegem-divider-69e0321b28057 {margin-top: 75px !important;}<\/style><div id=\"thegem-divider-69e0321b28057\" class=\"gem-divider  \" style=\"\" ><\/div>[\/vc_column_inner][\/vc_row_inner][vc_row_inner][vc_column_inner offset=&#8221;vc_hidden-lg vc_hidden-md vc_hidden-sm&#8221;]<div class=\"clearboth\"><\/div><style>#thegem-divider-69e0321b2806d {margin-top: 50px !important;}<\/style><div id=\"thegem-divider-69e0321b2806d\" class=\"gem-divider  \" style=\"\" ><\/div>[\/vc_column_inner][\/vc_row_inner][vc_column_text css_animation=&#8221;bottom-to-top&#8221;]<\/p>\n<h2 style=\"text-align: center;\">innovaci\u00f3n<\/h2>\n<p>[\/vc_column_text]<div class=\"clearboth\"><\/div><style>#thegem-divider-69e0321b28081 {margin-top: 35px !important;}<\/style><div id=\"thegem-divider-69e0321b28081\" class=\"gem-divider  \" style=\"\" ><\/div>[vc_column_text css_animation=&#8221;bottom-to-top&#8221;]<\/p>\n<p style=\"text-align: center;\">La contin\u00faa b\u00fasqueda de los mejores productos y proveedores del sector as\u00ed como la continua capacitaci\u00f3n de nuestro equipo de trabajo para ofrecer a nuestros clientes la garant\u00eda de calidad en nuestros servicios. La completa y mejor experiencia en el proceso de compra y en el funcionamiento de nuestros productos y servicios de postventa.<\/p>\n<p>[\/vc_column_text][vc_row_inner][vc_column_inner offset=&#8221;vc_hidden-xs&#8221;]<div class=\"clearboth\"><\/div><style>#thegem-divider-69e0321b28095 {margin-top: 110px !important;}<\/style><div id=\"thegem-divider-69e0321b28095\" class=\"gem-divider  \" style=\"\" ><\/div>[\/vc_column_inner][\/vc_row_inner]<div class=\"clearboth\"><\/div><style>#thegem-divider-69e0321b280a8 {margin-top: 50px !important;}<\/style><div id=\"thegem-divider-69e0321b280a8\" class=\"gem-divider  \" style=\"\" ><\/div><div class=\"clearboth\"><\/div><style>#thegem-divider-69e0321b280bb {margin-top: 50px !important;}<\/style><div id=\"thegem-divider-69e0321b280bb\" class=\"gem-divider  \" style=\"\" ><\/div>[\/vc_column][vc_column css_animation=&#8221;bottom-to-top&#8221; width=&#8221;1\/2&#8243; css=&#8221;.vc_custom_1544445201421{background-image: url(https:\/\/www.accessparking.com.mx\/wp-content\/uploads\/2018\/11\/3.jpg?id=24033) !important;background-position: center !important;background-repeat: no-repeat !important;background-size: cover !important;}&#8221;]<div class=\"clearboth\"><\/div><style>#thegem-divider-69e0321b280cd {margin-top: 300px !important;}<\/style><div id=\"thegem-divider-69e0321b280cd\" class=\"gem-divider  \" style=\"\" ><\/div>[\/vc_column][\/vc_row][vc_row full_width=&#8221;stretch_row_content_no_spaces&#8221; equal_height=&#8221;yes&#8221; content_placement=&#8221;middle&#8221; css=&#8221;.vc_custom_1542290658823{margin-bottom: 0px !important;padding-bottom: 0px !important;}&#8221;][vc_column css_animation=&#8221;bottom-to-top&#8221; width=&#8221;1\/2&#8243; css=&#8221;.vc_custom_1544445184616{background-image: url(https:\/\/www.accessparking.com.mx\/wp-content\/uploads\/2018\/11\/4.jpg?id=24032) !important;background-position: center !important;background-repeat: no-repeat !important;background-size: cover !important;}&#8221;]<div class=\"clearboth\"><\/div><style>#thegem-divider-69e0321b280e0 {margin-top: 300px !important;}<\/style><div id=\"thegem-divider-69e0321b280e0\" class=\"gem-divider  \" style=\"\" ><\/div>[\/vc_column][vc_column width=&#8221;1\/2&#8243; disable_custom_paddings_tablet=&#8221;true&#8221; disable_custom_paddings_mobile=&#8221;true&#8221; css=&#8221;.vc_custom_1542290229812{padding-right: 110px !important;padding-left: 110px !important;}&#8221;][vc_row_inner][vc_column_inner offset=&#8221;vc_hidden-xs&#8221;]<div class=\"clearboth\"><\/div><style>#thegem-divider-69e0321b280f2 {margin-top: 110px !important;}<\/style><div id=\"thegem-divider-69e0321b280f2\" class=\"gem-divider  \" style=\"\" ><\/div>[\/vc_column_inner][\/vc_row_inner][vc_row_inner][vc_column_inner offset=&#8221;vc_hidden-lg vc_hidden-md vc_hidden-sm&#8221;]<div class=\"clearboth\"><\/div><style>#thegem-divider-69e0321b28103 {margin-top: 50px !important;}<\/style><div id=\"thegem-divider-69e0321b28103\" class=\"gem-divider  \" style=\"\" ><\/div>[\/vc_column_inner][\/vc_row_inner][vc_column_text css_animation=&#8221;bottom-to-top&#8221;]<\/p>\n<h2 style=\"text-align: center;\">misi\u00f3n<\/h2>\n<p>[\/vc_column_text]<div class=\"clearboth\"><\/div><style>#thegem-divider-69e0321b28115 {margin-top: 30px !important;}<\/style><div id=\"thegem-divider-69e0321b28115\" class=\"gem-divider  \" style=\"\" ><\/div>[vc_column_text css_animation=&#8221;bottom-to-top&#8221;]<\/p>\n<p style=\"text-align: center;\">Ser asesores de negocios en sistemas de control de acceso, compitiendo en mercado nacional e internacional, proporcionando productos de confianza y de alta calidad relaci\u00f3n precio y calidad. Establecer relaciones comerciales de largo plazo, creando un v\u00ednculo y ser socios de negocios m\u00e1s que solo un proveedor de servicios.<\/p>\n<p>[\/vc_column_text][vc_row_inner][vc_column_inner offset=&#8221;vc_hidden-xs&#8221;]<div class=\"clearboth\"><\/div><style>#thegem-divider-69e0321b28129 {margin-top: 110px !important;}<\/style><div id=\"thegem-divider-69e0321b28129\" class=\"gem-divider  \" style=\"\" ><\/div>[\/vc_column_inner][\/vc_row_inner][vc_row_inner][vc_column_inner offset=&#8221;vc_hidden-xs&#8221;]<div class=\"clearboth\"><\/div><style>#thegem-divider-69e0321b2813a {margin-top: 110px !important;}<\/style><div id=\"thegem-divider-69e0321b2813a\" class=\"gem-divider  \" style=\"\" ><\/div>[\/vc_column_inner][\/vc_row_inner][\/vc_column][\/vc_row][vc_row css=&#8221;.vc_custom_1591932974039{background-color: #ffffff !important;}&#8221;][vc_column css_animation=&#8221;bottom-to-top&#8221;]<div class=\"clearboth\"><\/div><style>#thegem-divider-69e0321b2814b {margin-top: 35px !important;}<\/style><div id=\"thegem-divider-69e0321b2814b\" class=\"gem-divider  \" style=\"\" ><\/div>[vc_column_text css_animation=&#8221;bottom-to-top&#8221;]<\/p>\n<h2 style=\"text-align: center;\">Honestidad<\/h2>\n<p>[\/vc_column_text]<div style=''  class=\"gem-quote gem-quote-style-1 gem-quote-no-paddings custom-color-blockqute-mark-added\" ><blockquote  >&#8230;Trabajamos con el compromiso de honestidad comercial, siempre ofreciendo a nuestros clientes productos de acuerdo a sus necesidades reales, con el objetivo de lograr relaciones comerciales a largo plazo y no ventas puntuales.<\/blockquote><span style=color:#00699c;  class=\"custom-color-blockqute-mark\">&#xe60c;<\/span><\/div>[\/vc_column][\/vc_row][vc_row css=&#8221;.vc_custom_1542290317933{margin-top: 0px !important;margin-bottom: 0px !important;padding-top: 0px !important;padding-bottom: 0px !important;}&#8221;][vc_column]<div id=\"fullwidth-block-69e0321b281a7\" class=\"fullwidth-block clearfix\"  style=\"background-color: #eef3f1;\"><script type=\"text\/javascript\">if (typeof(gem_fix_fullwidth_position) == \"function\") { gem_fix_fullwidth_position(document.getElementById(\"fullwidth-block-69e0321b281a7\")); }<\/script><div class=\"fullwidth-block-inner\"><div class=\"container\">[vc_row_inner][vc_column_inner]<div class=\"clearboth\"><\/div><style>#thegem-divider-69e0321b28284 {margin-top: 70px !important;}<\/style><div id=\"thegem-divider-69e0321b28284\" class=\"gem-divider  \" style=\"\" ><\/div>[vc_column_text]<\/p>\n<h2 style=\"text-align: center;\">\u00bfPor qu\u00e9 elegirnos?<\/h2>\n<p>[\/vc_column_text]<div class=\"clearboth\"><\/div><style>#thegem-divider-69e0321b282a0 {margin-top: 60px !important;}<\/style><div id=\"thegem-divider-69e0321b282a0\" class=\"gem-divider  \" style=\"\" ><\/div>[\/vc_column_inner][\/vc_row_inner][vc_row_inner][vc_column_inner width=&#8221;1\/2&#8243; offset=&#8221;vc_col-lg-3 vc_col-xs-12&#8243;]<div class=\"lazy-loading\" data-ll-item-delay=\"0\"><div class=\"gem-textbox  lazy-loading-item centered-box\"  data-ll-effect=\"move-up\" ><div class=\"gem-textbox-inner\" style=\"\"><div class=\"gem-textbox-content\" style=\"background-color: #ffffff;background-position: center center;\"><div class=\"clearboth\"><\/div><style>#thegem-divider-69e0321b28342 {margin-top: 30px !important;}<\/style><div id=\"thegem-divider-69e0321b28342\" class=\"gem-divider  \" style=\"\" ><\/div><div class=\"centered-box\"><div class=\"gem-icon gem-icon-pack-material gem-icon-size-medium  gem-icon-shape-circle\"  style=\"border-color: #46485c;opacity: 1;\"><div class=\"gem-icon-inner\" style=\"background-color: #46485c;\"><span class=\"gem-icon-half-1\" style=\"color: #12cde5;\"><span class=\"back-angle\">&#xf1f9;<\/span><\/span><span class=\"gem-icon-half-2\" style=\"color: #12cde5;\"><span class=\"back-angle\">&#xf1f9;<\/span><\/span><\/div><\/div><\/div><div class=\"clearboth\"><\/div><style>#thegem-divider-69e0321b2839f {margin-top: 30px !important;}<\/style><div id=\"thegem-divider-69e0321b2839f\" class=\"gem-divider  \" style=\"\" ><\/div>[vc_column_text]<\/p>\n<p style=\"text-align: center;\">En casi 30 a\u00f1os trabajamos para ser una empresa \u00e9tica y honesta, mantenemos relaciones a largo plazo con nuestros clientes y recibimos muchas recomendaciones que nos demuestran que vamos en un correcto camino de mejora continua.<\/p>\n<p>[\/vc_column_text]<div class=\"clearboth\"><\/div><style>#thegem-divider-69e0321b283af {margin-top: 150px !important;}<\/style><div id=\"thegem-divider-69e0321b283af\" class=\"gem-divider  \" style=\"\" ><\/div><\/div><\/div><div class=\"gem-textbox-bottom gem-textbox-bottom-flag\"><svg viewBox=\"0 0 1000 20\" preserveAspectRatio=\"none\" width=\"100%\" height=\"20\" style=\"fill: #ffffff;\"><path d=\"M 0,-0.5 0,20 500,0 1000,20 1000,-0.5\" \/><\/svg><\/div><\/div><\/div>[\/vc_column_inner][vc_column_inner width=&#8221;1\/2&#8243; offset=&#8221;vc_col-lg-3 vc_col-xs-12&#8243;]<div class=\"lazy-loading\" data-ll-item-delay=\"0\"><div class=\"gem-textbox  lazy-loading-item centered-box\"  data-ll-effect=\"move-up\" ><div class=\"gem-textbox-inner\" style=\"\"><div class=\"gem-textbox-content\" style=\"background-color: #ffffff;background-position: center center;\"><div class=\"clearboth\"><\/div><style>#thegem-divider-69e0321b2842c {margin-top: 30px !important;}<\/style><div id=\"thegem-divider-69e0321b2842c\" class=\"gem-divider  \" style=\"\" ><\/div><div class=\"centered-box\"><div class=\"gem-icon gem-icon-pack-material gem-icon-size-medium  gem-icon-shape-circle\"  style=\"border-color: #46485c;opacity: 1;\"><div class=\"gem-icon-inner\" style=\"background-color: #46485c;\"><span class=\"gem-icon-half-1\" style=\"color: #15a8ea;\"><span class=\"back-angle\">&#xf5d8;<\/span><\/span><span class=\"gem-icon-half-2\" style=\"color: #15a8ea;\"><span class=\"back-angle\">&#xf5d8;<\/span><\/span><\/div><\/div><\/div><div class=\"clearboth\"><\/div><style>#thegem-divider-69e0321b28458 {margin-top: 30px !important;}<\/style><div id=\"thegem-divider-69e0321b28458\" class=\"gem-divider  \" style=\"\" ><\/div>[vc_column_text]<\/p>\n<p style=\"text-align: center;\">Si creemos que algo de lo que usted solicita, no lo podemos cumplir por la raz\u00f3n que sea, se lo diremos y buscaremos una alternativa que le sea de utilidad para lograr su objetivo.<\/p>\n<p>[\/vc_column_text]<div class=\"clearboth\"><\/div><style>#thegem-divider-69e0321b28466 {margin-top: 100px !important;}<\/style><div id=\"thegem-divider-69e0321b28466\" class=\"gem-divider  \" style=\"\" ><\/div><div class=\"clearboth\"><\/div><style>#thegem-divider-69e0321b28473 {margin-top: 100px !important;}<\/style><div id=\"thegem-divider-69e0321b28473\" class=\"gem-divider  \" style=\"\" ><\/div><\/div><\/div><div class=\"gem-textbox-bottom gem-textbox-bottom-flag\"><svg viewBox=\"0 0 1000 20\" preserveAspectRatio=\"none\" width=\"100%\" height=\"20\" style=\"fill: #ffffff;\"><path d=\"M 0,-0.5 0,20 500,0 1000,20 1000,-0.5\" \/><\/svg><\/div><\/div><\/div>[\/vc_column_inner][vc_column_inner width=&#8221;1\/2&#8243; offset=&#8221;vc_col-lg-3 vc_col-xs-12&#8243;]<div class=\"lazy-loading\" data-ll-item-delay=\"0\"><div class=\"gem-textbox  lazy-loading-item centered-box\"  data-ll-effect=\"move-up\" ><div class=\"gem-textbox-inner\" style=\"\"><div class=\"gem-textbox-content\" style=\"background-color: #ffffff;background-position: center top;\"><div class=\"clearboth\"><\/div><style>#thegem-divider-69e0321b284bd {margin-top: 30px !important;}<\/style><div id=\"thegem-divider-69e0321b284bd\" class=\"gem-divider  \" style=\"\" ><\/div><div class=\"centered-box\"><div class=\"gem-icon gem-icon-pack-material gem-icon-size-medium  gem-icon-shape-circle\"  style=\"border-color: #46485c;opacity: 1;\"><div class=\"gem-icon-inner\" style=\"background-color: #46485c;\"><span class=\"gem-icon-half-1\" style=\"color: #12cde5;\"><span class=\"back-angle\">&#xf10a;<\/span><\/span><span class=\"gem-icon-half-2\" style=\"color: #12cde5;\"><span class=\"back-angle\">&#xf10a;<\/span><\/span><\/div><\/div><\/div><div class=\"clearboth\"><\/div><style>#thegem-divider-69e0321b284e5 {margin-top: 30px !important;}<\/style><div id=\"thegem-divider-69e0321b284e5\" class=\"gem-divider  \" style=\"\" ><\/div>[vc_column_text]<\/p>\n<p style=\"text-align: center;\">Algunos de nuestros clientes trabajan con nosotros desde el d\u00eda que fundamos Access Parking, y otros desde que iniciaron la relaci\u00f3n con nuestra empresa. Es una satisfacci\u00f3n atenderlos y ayudarlos en cada nuevo proyecto que emprenden.<\/p>\n<p>[\/vc_column_text]<div class=\"clearboth\"><\/div><style>#thegem-divider-69e0321b284f3 {margin-top: 150px !important;}<\/style><div id=\"thegem-divider-69e0321b284f3\" class=\"gem-divider  \" style=\"\" ><\/div><\/div><\/div><div class=\"gem-textbox-bottom gem-textbox-bottom-flag\"><svg viewBox=\"0 0 1000 20\" preserveAspectRatio=\"none\" width=\"100%\" height=\"20\" style=\"fill: #ffffff;\"><path d=\"M 0,-0.5 0,20 500,0 1000,20 1000,-0.5\" \/><\/svg><\/div><\/div><\/div>[\/vc_column_inner][vc_column_inner width=&#8221;1\/2&#8243; offset=&#8221;vc_col-lg-3 vc_col-xs-12&#8243;]<div class=\"lazy-loading\" data-ll-item-delay=\"0\"><div class=\"gem-textbox  lazy-loading-item centered-box\"  data-ll-effect=\"move-up\" ><div class=\"gem-textbox-inner\" style=\"\"><div class=\"gem-textbox-content\" style=\"background-color: #ffffff;background-position: center top;\"><div class=\"clearboth\"><\/div><style>#thegem-divider-69e0321b28547 {margin-top: 30px !important;}<\/style><div id=\"thegem-divider-69e0321b28547\" class=\"gem-divider  \" style=\"\" ><\/div><div class=\"centered-box\"><div class=\"gem-icon gem-icon-pack-material gem-icon-size-medium  gem-icon-shape-circle\"  style=\"border-color: #46485c;opacity: 1;\"><div class=\"gem-icon-inner\" style=\"background-color: #46485c;\"><span class=\"gem-icon-half-1\" style=\"color: #15a8ea;\"><span class=\"back-angle\">&#xf217;<\/span><\/span><span class=\"gem-icon-half-2\" style=\"color: #15a8ea;\"><span class=\"back-angle\">&#xf217;<\/span><\/span><\/div><\/div><\/div><div class=\"clearboth\"><\/div><style>#thegem-divider-69e0321b28570 {margin-top: 30px !important;}<\/style><div id=\"thegem-divider-69e0321b28570\" class=\"gem-divider  \" style=\"\" ><\/div>[vc_column_text]<\/p>\n<p style=\"text-align: center;\">En Access Parking podemos dar soporte tanto a grandes clientes que requieran un alto y constante nivel de colaboraci\u00f3n y mantenimiento, como a peque\u00f1os clientes que necesitan un soporte eventual. Contamos con ingenieros y t\u00e9cnicos altamente capacitados en las tecnolog\u00edas de cada producto, permiti\u00e9ndonos poder brindarle la asistencia que sea necesaria.<\/p>\n<p>[\/vc_column_text]<\/div><\/div><div class=\"gem-textbox-bottom gem-textbox-bottom-flag\"><svg viewBox=\"0 0 1000 20\" preserveAspectRatio=\"none\" width=\"100%\" height=\"20\" style=\"fill: #ffffff;\"><path d=\"M 0,-0.5 0,20 500,0 1000,20 1000,-0.5\" \/><\/svg><\/div><\/div><\/div>[\/vc_column_inner][\/vc_row_inner][vc_row_inner css=&#8221;.vc_custom_1592713212762{background-color: #ffffff !important;}&#8221;][vc_column_inner width=&#8221;1\/2&#8243; offset=&#8221;vc_col-lg-3 vc_col-xs-12&#8243;]<div class=\"lazy-loading\" data-ll-item-delay=\"0\"><div class=\"gem-textbox  lazy-loading-item centered-box\"  data-ll-effect=\"move-up\" ><div class=\"gem-textbox-inner\" style=\"\"><div class=\"gem-textbox-content\" style=\"background-color: #ffffff;background-position: center center;\"><div class=\"clearboth\"><\/div><style>#thegem-divider-69e0321b285b7 {margin-top: 30px !important;}<\/style><div id=\"thegem-divider-69e0321b285b7\" class=\"gem-divider  \" style=\"\" ><\/div><div class=\"centered-box\"><div class=\"gem-icon gem-icon-pack-material gem-icon-size-medium  gem-icon-shape-circle\"  style=\"border-color: #ffffff;opacity: 1;\"><div class=\"gem-icon-inner\" style=\"background-color: #ffffff;\"><span class=\"gem-icon-half-1\" style=\"color: #12cde5;\"><span class=\"back-angle\">&#xf1e3;<\/span><\/span><span class=\"gem-icon-half-2\" style=\"color: #12cde5;\"><span class=\"back-angle\">&#xf1e3;<\/span><\/span><\/div><\/div><\/div><div class=\"clearboth\"><\/div><style>#thegem-divider-69e0321b285dc {margin-top: 30px !important;}<\/style><div id=\"thegem-divider-69e0321b285dc\" class=\"gem-divider  \" style=\"\" ><\/div>[vc_column_text]<\/p>\n<p style=\"text-align: center;\">Seguridad y Agilidad en Acceso Vehicular<\/p>\n<p>[\/vc_column_text]<\/div><\/div><div class=\"gem-textbox-bottom gem-textbox-bottom-flag\"><svg viewBox=\"0 0 1000 20\" preserveAspectRatio=\"none\" width=\"100%\" height=\"20\" style=\"fill: #ffffff;\"><path d=\"M 0,-0.5 0,20 500,0 1000,20 1000,-0.5\" \/><\/svg><\/div><\/div><\/div>[\/vc_column_inner][vc_column_inner width=&#8221;1\/2&#8243; offset=&#8221;vc_col-lg-3 vc_col-xs-12&#8243;]<div class=\"lazy-loading\" data-ll-item-delay=\"0\"><div class=\"gem-textbox  lazy-loading-item centered-box\"  data-ll-effect=\"move-up\" ><div class=\"gem-textbox-inner\" style=\"\"><div class=\"gem-textbox-content\" style=\"background-color: #ffffff;background-position: center center;\"><div class=\"clearboth\"><\/div><style>#thegem-divider-69e0321b28645 {margin-top: 30px !important;}<\/style><div id=\"thegem-divider-69e0321b28645\" class=\"gem-divider  \" style=\"\" ><\/div><div class=\"centered-box\"><div class=\"gem-icon gem-icon-pack-material gem-icon-size-medium  gem-icon-shape-circle\"  style=\"border-color: #ffffff;opacity: 1;\"><div class=\"gem-icon-inner\" style=\"background-color: #ffffff;\"><span class=\"gem-icon-half-1\" style=\"color: #15a8ea;\"><span class=\"back-angle\">&#xf1fc;<\/span><\/span><span class=\"gem-icon-half-2\" style=\"color: #15a8ea;\"><span class=\"back-angle\">&#xf1fc;<\/span><\/span><\/div><\/div><\/div><div class=\"clearboth\"><\/div><style>#thegem-divider-69e0321b28670 {margin-top: 30px !important;}<\/style><div id=\"thegem-divider-69e0321b28670\" class=\"gem-divider  \" style=\"\" ><\/div>[vc_column_text]<\/p>\n<p style=\"text-align: center;\">Mayor productividad de los empleados<\/p>\n<p>[\/vc_column_text]<\/div><\/div><div class=\"gem-textbox-bottom gem-textbox-bottom-flag\"><svg viewBox=\"0 0 1000 20\" preserveAspectRatio=\"none\" width=\"100%\" height=\"20\" style=\"fill: #ffffff;\"><path d=\"M 0,-0.5 0,20 500,0 1000,20 1000,-0.5\" \/><\/svg><\/div><\/div><\/div>[\/vc_column_inner][vc_column_inner width=&#8221;1\/2&#8243; offset=&#8221;vc_col-lg-3 vc_col-xs-12&#8243;]<div class=\"lazy-loading\" data-ll-item-delay=\"0\"><div class=\"gem-textbox  lazy-loading-item centered-box\"  data-ll-effect=\"move-up\" ><div class=\"gem-textbox-inner\" style=\"\"><div class=\"gem-textbox-content\" style=\"background-color: #ffffff;background-position: center top;\"><div class=\"clearboth\"><\/div><style>#thegem-divider-69e0321b286b6 {margin-top: 30px !important;}<\/style><div id=\"thegem-divider-69e0321b286b6\" class=\"gem-divider  \" style=\"\" ><\/div><div class=\"centered-box\"><div class=\"gem-icon gem-icon-pack-material gem-icon-size-medium  gem-icon-shape-circle\"  style=\"border-color: #ffffff;opacity: 1;\"><div class=\"gem-icon-inner\" style=\"background-color: #ffffff;\"><span class=\"gem-icon-half-1\" style=\"color: #12cde5;\"><span class=\"back-angle\">&#xf59a;<\/span><\/span><span class=\"gem-icon-half-2\" style=\"color: #12cde5;\"><span class=\"back-angle\">&#xf59a;<\/span><\/span><\/div><\/div><\/div><div class=\"clearboth\"><\/div><style>#thegem-divider-69e0321b286dd {margin-top: 30px !important;}<\/style><div id=\"thegem-divider-69e0321b286dd\" class=\"gem-divider  \" style=\"\" ><\/div>[vc_column_text]<\/p>\n<p style=\"text-align: center;\">Incremento de la seguridad<\/p>\n<p>[\/vc_column_text]<\/div><\/div><div class=\"gem-textbox-bottom gem-textbox-bottom-flag\"><svg viewBox=\"0 0 1000 20\" preserveAspectRatio=\"none\" width=\"100%\" height=\"20\" style=\"fill: #ffffff;\"><path d=\"M 0,-0.5 0,20 500,0 1000,20 1000,-0.5\" \/><\/svg><\/div><\/div><\/div>[\/vc_column_inner][vc_column_inner width=&#8221;1\/2&#8243; offset=&#8221;vc_col-lg-3 vc_col-xs-12&#8243;]<div class=\"lazy-loading\" data-ll-item-delay=\"0\"><div class=\"gem-textbox  lazy-loading-item centered-box\"  data-ll-effect=\"move-up\" ><div class=\"gem-textbox-inner\" style=\"\"><div class=\"gem-textbox-content\" style=\"background-color: #ffffff;background-position: center top;\"><div class=\"clearboth\"><\/div><style>#thegem-divider-69e0321b28727 {margin-top: 30px !important;}<\/style><div id=\"thegem-divider-69e0321b28727\" class=\"gem-divider  \" style=\"\" ><\/div><div class=\"centered-box\"><div class=\"gem-icon gem-icon-pack-material gem-icon-size-medium  gem-icon-shape-circle\"  style=\"border-color: #ffffff;opacity: 1;\"><div class=\"gem-icon-inner\" style=\"background-color: #ffffff;\"><span class=\"gem-icon-half-1\" style=\"color: #15a8ea;\"><span class=\"back-angle\">&#xf37b;<\/span><\/span><span class=\"gem-icon-half-2\" style=\"color: #15a8ea;\"><span class=\"back-angle\">&#xf37b;<\/span><\/span><\/div><\/div><\/div><div class=\"clearboth\"><\/div><style>#thegem-divider-69e0321b2874d {margin-top: 30px !important;}<\/style><div id=\"thegem-divider-69e0321b2874d\" class=\"gem-divider  \" style=\"\" ><\/div>[vc_column_text]<\/p>\n<p style=\"text-align: center;\">Mejora de la imagen de la empresa<\/p>\n<p>[\/vc_column_text]<\/div><\/div><div class=\"gem-textbox-bottom gem-textbox-bottom-flag\"><svg viewBox=\"0 0 1000 20\" preserveAspectRatio=\"none\" width=\"100%\" height=\"20\" style=\"fill: #ffffff;\"><path d=\"M 0,-0.5 0,20 500,0 1000,20 1000,-0.5\" \/><\/svg><\/div><\/div><\/div>[\/vc_column_inner][\/vc_row_inner]<div class=\"clearboth\"><\/div><style>#thegem-divider-69e0321b28766 {margin-top: 130px !important;}<\/style><div id=\"thegem-divider-69e0321b28766\" class=\"gem-divider  \" style=\"\" ><\/div><\/div><\/div><\/div>[\/vc_column][\/vc_row]<\/p>\n<\/div>","protected":false},"excerpt":{"rendered":"<p>[vc_row full_width=&#8221;stretch_row&#8221; css=&#8221;.vc_custom_1542285465663{background-color: #ffffff !important;}&#8221;][vc_column css_animation=&#8221;bottom-to-top&#8221;][vc_row_inner][vc_column_inner offset=&#8221;vc_hidden-sm vc_hidden-xs&#8221;][\/vc_column_inner][\/vc_row_inner][vc_column_text] access parking [\/vc_column_text][vc_column_text] soluciones en control de acceso y seguridad ELECTR\u00d3NICA. [\/vc_column_text][vc_row_inner][vc_column_inner&#8230;<\/p>\n","protected":false},"author":1,"featured_media":0,"parent":0,"menu_order":0,"comment_status":"closed","ping_status":"closed","template":"","meta":{"_joinchat":[],"footnotes":""},"_links":{"self":[{"href":"https:\/\/www.accessparking.com.mx\/index.php?rest_route=\/wp\/v2\/pages\/23994"}],"collection":[{"href":"https:\/\/www.accessparking.com.mx\/index.php?rest_route=\/wp\/v2\/pages"}],"about":[{"href":"https:\/\/www.accessparking.com.mx\/index.php?rest_route=\/wp\/v2\/types\/page"}],"author":[{"embeddable":true,"href":"https:\/\/www.accessparking.com.mx\/index.php?rest_route=\/wp\/v2\/users\/1"}],"replies":[{"embeddable":true,"href":"https:\/\/www.accessparking.com.mx\/index.php?rest_route=%2Fwp%2Fv2%2Fcomments&post=23994"}],"version-history":[{"count":47,"href":"https:\/\/www.accessparking.com.mx\/index.php?rest_route=\/wp\/v2\/pages\/23994\/revisions"}],"predecessor-version":[{"id":26002,"href":"https:\/\/www.accessparking.com.mx\/index.php?rest_route=\/wp\/v2\/pages\/23994\/revisions\/26002"}],"wp:attachment":[{"href":"https:\/\/www.accessparking.com.mx\/index.php?rest_route=%2Fwp%2Fv2%2Fmedia&parent=23994"}],"curies":[{"name":"wp","href":"https:\/\/api.w.org\/{rel}","templated":true}]}}